). What is the greatest common factor of n and y?
1
Let k = 119 - 62. What is the greatest common factor of 38 and k?
19
Suppose 0 = 7*r - 3*r. Suppose r = d - 2*d + 2. Calculate the highest common divisor of 5 and d.
1
Let x be 6/(-27) - 38/(-9). Suppose -j = -x*t + 17, 4*t - 2*t + j - 7 = 0. Suppose 33 = -t*v + 249. Calculate the greatest common factor of 36 and v.
18
Suppose -2*z + f + 4*f + 190 = 0, -5*z + 2*f + 475 = 0. Calculate the greatest common factor of z and 19.
19
Suppose 15*c - 16*c + 2 = 0. What is the greatest common factor of 2 and c?
2
Let y(h) = h**2 + 9*h - 9. Let t be y(-7). Let k = t - -34. Calculate the greatest common factor of 88 and k.
11
Let w = 197 + -141. Let a = -34 + w. Calculate the highest common divisor of 2 and a.
2
Let m be (-1 + (-14)/4)*14/(-3). Calculate the greatest common divisor of m and 231.
21
Let i(j) be the third derivative of -5*j**4/12 - j**3/6 + 5*j**2. Let d be -1 - (-1 - (-3 - -2)). Let o be i(d). What is the greatest common factor of o and 9?
9
Let w be (-6)/(-5)*(-35)/(-14). Suppose w*d = d + 12. Suppose -a - a = -d. Calculate the highest common divisor of 3 and a.
3
Let m = -83 + 91. Suppose 3*a + 0*a = 96. What is the greatest common factor of a and m?
8
Let i = 48 - -87. What is the highest common factor of 15 and i?
15
Suppose 0 = -0*z + 5*z - 10. Let r = 4 - z. Let n be 2/4 + 41/r. Calculate the greatest common divisor of n and 14.
7
Let k(o) = -o + 4. Let v be k(2). Suppose -v*y + 20 = -32. What is the greatest common factor of 39 and y?
13
Suppose -56 = -c - 0*c. Let q = c - 7. Suppose 0 = -2*v + 15 - 1. Calculate the highest common divisor of q and v.
7
Let k(t) = 15*t**2 - t + 3. Let p(z) = -z**2 + z - 1. Let l(j) = k(j) + 2*p(j). Let q be l(2). What is the greatest common divisor of 22 and q?
11
Suppose -4*x - 96 = 4*l - 0*x, -4*l + x - 101 = 0. Let u = 49 + l. What is the highest common factor of u and 36?
12
Let b(y) = y**2 - 8*y - 5. Let h be b(9). Let x(i) = 9*i - 6. Let f be x(h). Let j be ((-24)/(-5))/(2/f). Calculate the highest common factor of j and 8.
8
Let y = -124 + 222. Suppose 4*h = 4*o - 76, 2*h = -5*o - h + 55. Calculate the greatest common divisor of y and o.
14
Suppose -6*q = -4*q - 48. What is the highest common factor of q and 8?
8
Let l(k) = k + 16. Let o be l(-6). What is the highest common factor of 70 and o?
10
Suppose -5*c = 2*h - 8, 3*h + 3*c = 6 + 15. Calculate the highest common factor of 27 and h.
9
Let s(i) = i**3 + 5*i**2 - i + 6. Let z be s(-5). Suppose -n + 3*x = -z, 4*n + 5*x = 5*n - 11. What is the greatest common factor of n and 55?
11
Let l be 15/(-2)*(-24)/(-10). Let a = l + 26. What is the highest common divisor of a and 2?
2
Suppose 0 = -q + 2 - 0. Let z be 20/(-110) + (-92)/(-22). Calculate the highest common divisor of z and q.
2
Let n(t) = -t**3 + 10*t**2 - 6*t - 13. Let q be n(9). Suppose g - 4*k + 0 - q = 0, 2*k + 52 = 5*g. Calculate the highest common factor of g and 80.
10
Let g be 3 + (6/21 - 19/(-7)). What is the highest common divisor of g and 30?
6
Let l = 9 - 5. Suppose 0*c = l*c - 20. Suppose 5*g + 138 = 4*y + 4*g, 5*y + g = 177. What is the highest common factor of c and y?
5
Let r(i) = -i**3 - 9*i**2 - 9*i - 14. Let p(u) = u**2 + 7*u. Let q be p(-5). Let o be r(q). Calculate the greatest common divisor of 16 and o.
16
Let i = 120 + -75. Let d(j) = -j + 1. Let x be d(-4). Calculate the highest common factor of x and i.
5
Suppose 12 = 4*t, 0*t - 12 = -n - 5*t. Let p be (-10)/(-4) + (-2)/(-4). Let v be 2/n + 38/p. What is the highest common divisor of v and 12?
12
Let s(q) = -118*q**3 - q**2 + q + 1. Let p be s(-1). Calculate the greatest common divisor of 13 and p.
13
Let z = -26 - -18. Let g(t) = -t. Let q be g(z). Calculate the highest common factor of q and 72.
8
Let r be 9/(-1)*4/(-6). Suppose -s + 2*s + h + 5 = 0, 5 = -4*s - h. Suppose 6*d - d - 15 = s. What is the greatest common divisor of r and d?
3
Suppose -38 + 5 = -3*x. Let j = -8 + x. Calculate the highest common divisor of j and 27.
3
Let o(r) = -10*r + 1. Let y(c) = -c**2 + 10*c - 11. Let w be y(9). Let k be o(w). What is the highest common divisor of 147 and k?
21
Suppose -4*z + 10 = -2*z. Calculate the highest common divisor of 55 and z.
5
Suppose -5*j + 10 = -0*j. Suppose 4 = j*t - 8. What is the highest common divisor of t and 9?
3
Let t(k) = k**2 + 3*k - 4. Let j be t(11). Suppose -2*n + 3*o - 5*o + j = 0, -4*o = 8. Calculate the greatest common divisor of n and 7.
7
Let x be (-194)/(-10) - (-4)/(-10). Suppose q + x = 5. Let i = q - -23. Calculate the highest common divisor of 18 and i.
9
Suppose 2*w - 3*c - 164 = 0, -69 + 257 = 2*w + 3*c. Calculate the greatest common divisor of w and 22.
22
Let k(i) = 4*i + 5. Let l(r) = -r. Let g(a) = -k(a) + 2*l(a). Let b be g(-4). Let m = b - 11. What is the highest common divisor of 16 and m?
8
Let s = -4 - -8. Suppose -2*g = -s, -2*g - 2*g = -5*a + 22. What is the highest common divisor of a and 48?
6
Suppose 2*m + m - 61 = -4*t, -3*m = -t - 41. Suppose -129 - m = -2*f. Let n(u) = u**2 - u. Let j be n(-3). What is the greatest common factor of f and j?
12
Let r = 28 - 17. What is the highest common divisor of r and 88?
11
Let y = 146 - 128. What is the greatest common divisor of 90 and y?
18
Let d(z) = -z**3 + 5*z**2 - 4*z + 2. Let p be d(4). Let w be 4/18 - p/9. Let a be 3*4 - w/2. What is the highest common factor of a and 60?
12
Suppose -4*u + 83 = 11. Suppose -5*g - 3*h + 13 = -g, -2*g - 11 = 5*h. Let c be (7 - 9) + (g - -1). Calculate the highest common factor of c and u.
6
Let v(z) = z**2 - z + 16. Suppose 0*i = 2*i. Let m be i*(0 + (0 - 1)). Let a be v(m). Calculate the greatest common divisor of a and 48.
16
Let y = -13 + 25. What is the highest common factor of 3 and y?
3
Let q be (2/(-8))/((-1)/44). Let t be ((-3)/3 - 0 - -3) + 9. What is the greatest common divisor of t and q?
11
Let z(u) = -u**2 + u + 4. Let k be z(4). Let c be (-1)/4 + (-202)/k. Suppose -13 - 17 = -3*a. Calculate the greatest common divisor of a and c.
5
Let i = -29 + 36. What is the greatest common divisor of i and 63?
7
Let y(f) = 2*f**2 + 2*f + 2. Let p be y(9). What is the highest common factor of p and 26?
26
Let v(i) = -5*i - i + 5*i. Let n be v(-3). Suppose -2*y - y = -d - 34, 5*y - n*d - 50 = 0. Calculate the greatest common divisor of 13 and y.
13
Let k = 9 + 1. Suppose -3*y - 14 = -7*y + 3*u, 3*y = 4*u + 7. What is the greatest common factor of y and k?
5
Suppose 108 = 8*v - 5*v. Let b = 40 - 28. Calculate the greatest common factor of v and b.
12
Let s = -3 - -4. Let q = -4 - -5. Let x = q + 1. Calculate the highest common factor of s and x.
1
Let u(i) = -2*i**3 - i**2 - i - 2. Let o be u(-2). Suppose o = v + 4. Calculate the highest common factor of v and 56.
8
Suppose 3*t - 9*t + 66 = 0. What is the highest common factor of 143 and t?
11
Suppose -2 = -2*n - 4. Let l be n/3*(-3 + 0). Let h = 22 + -13. What is the greatest common divisor of l and h?
1
Suppose 2*q - 52 = 8. What is the greatest common divisor of 150 and q?
30
Let c(p) = -p**2 + 8*p - 1. Let b be c(6). Let d be 134/3 - (-4)/(-6). What is the highest common divisor of d and b?
11
Let v be (2/(-4))/(6/(-108)). What is the highest common factor of 18 and v?
9
Let o be 2/(-4) - 1/2. Let d be (o/1)/((-1)/2). Calculate the greatest common factor of d and 22.
2
Suppose 4*c = 3*z - 0 - 2, 2*z - 24 = -3*c. Suppose 2 = 2*r, z = 3*y + 2*r - 23. Calculate the greatest common factor of 1 and y.
1
Let w = 11 + -9. Suppose 2*a + 0*a - w = 0. Calculate the greatest common factor of a and 1.
1
Let d be 3 + (2 - 5) + -5. Let t be (60/d)/((-3)/2). What is the highest common factor of t and 56?
8
Let v be (-2)/4 - (-140)/(-8). Let u be ((-9)/2)/(v/24). Suppose 4*f = 4*r + 3*f - 22, 4*r + 2*f = 28. What is the greatest common factor of u and r?
6
Let f(g) = -5*g - 8. Let c be f(-5). What is the highest common factor of c and 187?
17
Suppose 18 = 2*d - 3*c - 16, 2*d + 4*c = 6. Calculate the greatest common factor of d and 55.
11
Suppose 4*s = 3*s + 5. Suppose -8 = p - 4*d + 8, p = -2*d + 2. Let r be 4/p - (-1 - 5). Calculate the highest common divisor of r and s.
5
Let l = 44 - 14. What is the highest common divisor of 60 and l?
30
Let w = 21 - 11. Suppose r - 53 = w. Calculate the 